{"id":56,"date":"2014-10-15T13:52:48","date_gmt":"2014-10-15T12:52:48","guid":{"rendered":"http:\/\/vivremieux-aulnay.fr\/?page_id=56"},"modified":"2014-10-15T13:52:48","modified_gmt":"2014-10-15T12:52:48","slug":"monsieur-franck-cannarozzo-refusez-votre-soutien-tacite-a-larrete-anti-mendicite","status":"publish","type":"page","link":"https:\/\/vivremieux-aulnay.fr\/?page_id=56","title":{"rendered":"Monsieur Franck CANNAROZZO, refusez votre soutien tacite \u00e0 l&rsquo;arr\u00eat\u00e9 anti-mendicit\u00e9"},"content":{"rendered":"<p class=\"western\" align=\"right\"><span style=\"font-family: Arial,sans-serif;\"><span style=\"font-size: medium;\">Monsieur Franck CANNAROZZO<\/span><\/span><\/p>\n<p class=\"western\" align=\"right\"><span style=\"font-family: Arial,sans-serif;\"><span style=\"font-size: medium;\">Conseiller municipal d&rsquo;Aulnay-sous-Bois avec les d\u00e9l\u00e9gations:<\/span><\/span><\/p>\n<p class=\"western\" align=\"right\"><span style=\"font-family: Arial,sans-serif;\"><span style=\"font-size: medium;\">2\u00e8me adjoint au maire<br \/>\nGrands projets<br \/>\nGestion des risques<br \/>\nL&#8217;emploi et les Entreprises<br \/>\nQuesture de l&rsquo;assembl\u00e9e<\/span><\/span><\/p>\n<p class=\"western\"><span style=\"font-family: Arial,sans-serif;\"><span style=\"font-size: medium;\">Aulnay-sous-Bois, le 14 octobre 2014.<\/span><\/span><\/p>\n<p class=\"western\"><span style=\"font-family: Arial,sans-serif;\"><span style=\"font-size: medium;\">Monsieur Franck CANNAROZZO, refusez votre soutien tacite \u00e0 la d\u00e9cision n\u00b0902\/2014\u00a0!<\/span><\/span><\/p>\n<p class=\"western\" align=\"justify\"><span style=\"color: #000000;\"><span style=\"font-family: Arial,sans-serif;\"><span style=\"font-size: medium;\"><span lang=\"fr-FR\">A l&rsquo;occasion du conseil municipal du 15 octobre 2014, vous sera pr\u00e9sent\u00e9 l&rsquo;ensemble des d\u00e9cisions, dont la n\u00b0902 du 30 septembre 2014. Cette d\u00e9cision, prise par <\/span><\/span><\/span><\/span><span style=\"color: #000000;\"><span style=\"font-family: Arial,sans-serif;\"><span style=\"font-size: medium;\"><span lang=\"fr-FR\">Le Maire \u00e9lu par votre majorit\u00e9, s&rsquo;en prend \u00e0 nouveau aux pauvres en p\u00e9nalisant la mendicit\u00e9.<\/span><\/span><\/span><\/span><\/p>\n<p class=\"western\" align=\"justify\"><span style=\"font-family: Arial,sans-serif;\">En emp\u00eachant les plus pr\u00e9caires de se montrer dans l&rsquo;espace public, en leur imposant des amendes, cette d\u00e9cision constitue un acte discriminatoire envers les plus d\u00e9munis qu&rsquo;elle stigmatise. Elle n&rsquo;apporte en outre aucune solution aux probl\u00e8mes de pauvret\u00e9 des Aulnaysiens.<\/span><\/p>\n<p class=\"western\" align=\"justify\"><span style=\"font-family: Arial,sans-serif;\"><span style=\"font-size: medium;\"><b>M. CANNAROZZO, avez-vous \u00e9t\u00e9 \u00e9lu avec le mandat de vous en prendre aux plus pauvres\u00a0?<\/b><\/span><\/span><\/p>\n<p class=\"western\" align=\"justify\"><span style=\"color: #000000;\"><span style=\"font-family: Arial,sans-serif;\">En votre \u00e2me et conscience, pensez-vous que cette d\u00e9cision est ad\u00e9quate, utile aux <\/span><\/span><span style=\"color: #000000;\"><span style=\"font-family: Arial,sans-serif;\">A<\/span><\/span><span style=\"color: #000000;\"><span style=\"font-family: Arial,sans-serif;\">ulnaysiens\u00a0? N&rsquo;est-elle pas un effet d&rsquo;annonce qui alimente une posture nationale controvers\u00e9e qui devrait nullement interf\u00e9rer avec les affaires locales\u00a0?<\/span><\/span><\/p>\n<p class=\"western\" align=\"justify\"><span style=\"color: #000000;\"><span style=\"font-family: Arial,sans-serif;\">Le <\/span><\/span><span style=\"color: #000000;\"><span style=\"font-family: Arial,sans-serif;\">M<\/span><\/span><span style=\"color: #000000;\"><span style=\"font-family: Arial,sans-serif;\">aire d&rsquo;Aulnay peut-il se pr\u00e9valoir de votre soutien tacite dans cette d\u00e9marche ou saurez-vous oser manifester votre singularit\u00e9 d&rsquo;\u00e9lu et faire pr\u00e9valoir votre diff\u00e9rence sur ce point tel qu&rsquo;il est possible \u00e0 la fin du Conseil Municipal?<\/span><\/span><\/p>\n<p class=\"western\" align=\"justify\"><span style=\"font-family: Arial,sans-serif;\">Au lieu d\u2019imposer des amendes \u00e0 ceux qui n\u2019ont rien, de lutter contre les pauvres plut\u00f4t que contre la pauvret\u00e9, votre majorit\u00e9 municipale pourrait par exemple\u00a0: <\/span><\/p>\n<ul>\n<li value=\"1\">\n<p class=\"western\" align=\"justify\"><span style=\"font-family: Arial,sans-serif;\">redonner des moyens d&rsquo;action au Centre Communal d&rsquo;Action Sociale (CCAS)<\/span><\/p>\n<\/li>\n<li>\n<p class=\"western\" align=\"justify\"><span style=\"font-family: Arial,sans-serif;\">d\u00e9velopper des subventions aux associations de solidarit\u00e9<\/span><\/p>\n<\/li>\n<li>\n<p class=\"western\" align=\"justify\"><span style=\"font-family: Arial,sans-serif;\">d\u00e9velopper des h\u00e9bergements d\u2019urgence<\/span><\/p>\n<\/li>\n<li>\n<p class=\"western\" align=\"justify\"><span style=\"font-family: Arial,sans-serif;\"><span style=\"font-size: medium;\">relancer un centre municipal de sant\u00e9<\/span><\/span><\/p>\n<\/li>\n<\/ul>\n<p class=\"western\" align=\"justify\"><span style=\"font-family: Arial,sans-serif;\">Nous vous enjoignons de ne pas vous rendre complice d&rsquo;un texte que l&rsquo;extr\u00eame droite ne renierait pas. Tous les Aulnaysiens doivent compter de la m\u00eame fa\u00e7on, <b>L<\/b><b>ibert\u00e9 <\/b><b>\u00c9galit\u00e9<\/b><b> et <\/b><b>F<\/b><b>raternit\u00e9 ne peuvent pas \u00eatre oubli\u00e9s de la sorte!<\/b><\/span><\/p>\n<p class=\"western\" align=\"justify\"><span style=\"font-family: Arial,sans-serif;\"><span style=\"font-size: medium;\">Nous vous prions, Monsieur CANNAROZZO, de bien vouloir accepter l&rsquo;expression de nos meilleurs sentiments r\u00e9publicains.<\/span><\/span><\/p>\n<p class=\"western\" align=\"justify\"><span style=\"font-family: Arial,sans-serif;\"><span style=\"font-size: medium;\">Le bureau de l&rsquo;association Vivre mieux ensemble \u00e0 Aulnay-sous-Bois.<\/span><\/span><\/p>\n","protected":false},"excerpt":{"rendered":"<p>Monsieur Franck CANNAROZZO Conseiller municipal d&rsquo;Aulnay-sous-Bois avec les d\u00e9l\u00e9gations: 2\u00e8me adjoint au maire Grands projets Gestion des risques L&#8217;emploi et les Entreprises Questure de l&rsquo;assembl\u00e9e Aulnay-sous-Bois, le 14 octobre 2014. Monsieur Franck CANNAROZZO, refusez votre soutien tacite \u00e0 la d\u00e9cision n\u00b0902\/2014\u00a0! A l&rsquo;occasion du conseil municipal du 15 octobre 2014, vous sera pr\u00e9sent\u00e9 l&rsquo;ensemble des &hellip; <a href=\"https:\/\/vivremieux-aulnay.fr\/?page_id=56\" class=\"more-link\">Continuer la lecture de <span class=\"screen-reader-text\">Monsieur Franck CANNAROZZO, refusez votre soutien tacite \u00e0 l&rsquo;arr\u00eat\u00e9 anti-mendicit\u00e9<\/span> <span class=\"meta-nav\">&rarr;<\/span><\/a><\/p>\n","protected":false},"author":1,"featured_media":0,"parent":52,"menu_order":0,"comment_status":"open","ping_status":"open","template":"","meta":{"footnotes":""},"class_list":["post-56","page","type-page","status-publish","hentry"],"_links":{"self":[{"href":"https:\/\/vivremieux-aulnay.fr\/index.php?rest_route=\/wp\/v2\/pages\/56","targetHints":{"allow":["GET"]}}],"collection":[{"href":"https:\/\/vivremieux-aulnay.fr\/index.php?rest_route=\/wp\/v2\/pages"}],"about":[{"href":"https:\/\/vivremieux-aulnay.fr\/index.php?rest_route=\/wp\/v2\/types\/page"}],"author":[{"embeddable":true,"href":"https:\/\/vivremieux-aulnay.fr\/index.php?rest_route=\/wp\/v2\/users\/1"}],"replies":[{"embeddable":true,"href":"https:\/\/vivremieux-aulnay.fr\/index.php?rest_route=%2Fwp%2Fv2%2Fcomments&post=56"}],"version-history":[{"count":1,"href":"https:\/\/vivremieux-aulnay.fr\/index.php?rest_route=\/wp\/v2\/pages\/56\/revisions"}],"predecessor-version":[{"id":57,"href":"https:\/\/vivremieux-aulnay.fr\/index.php?rest_route=\/wp\/v2\/pages\/56\/revisions\/57"}],"up":[{"embeddable":true,"href":"https:\/\/vivremieux-aulnay.fr\/index.php?rest_route=\/wp\/v2\/pages\/52"}],"wp:attachment":[{"href":"https:\/\/vivremieux-aulnay.fr\/index.php?rest_route=%2Fwp%2Fv2%2Fmedia&parent=56"}],"curies":[{"name":"wp","href":"https:\/\/api.w.org\/{rel}","templated":true}]}}

Monsieur Franck CANNAROZZO, refusez votre soutien tacite à l&rsquo;arrêté anti-mendicité

<p class="western" align="right"><span style="font-family: Arial,sans-serif;"><span style="font-size: medium;">Monsieur Franck CANNAROZZO</span></span></p>
<p class="western" align="right"><span style="font-family: Arial,sans-serif;"><span style="font-size: medium;">Conseiller municipal d&rsquo;Aulnay-sous-Bois avec les délégations:</span></span></p>
<p class="western" align="right"><span style="font-family: Arial,sans-serif;"><span style="font-size: medium;">2ème adjoint au maire<br />
Grands projets<br />
Gestion des risques<br />
L&#8217;emploi et les Entreprises<br />
Questure de l&rsquo;assemblée</span></span></p>
<p class="western"><span style="font-family: Arial,sans-serif;"><span style="font-size: medium;">Aulnay-sous-Bois, le 14 octobre 2014.</span></span></p>
<p class="western"><span style="font-family: Arial,sans-serif;"><span style="font-size: medium;">Monsieur Franck CANNAROZZO, refusez votre soutien tacite à la décision n°902/2014 !</span></span></p>
<p class="western" align="justify"><span style="color: #000000;"><span style="font-family: Arial,sans-serif;"><span style="font-size: medium;"><span lang="fr-FR">A l&rsquo;occasion du conseil municipal du 15 octobre 2014, vous sera présenté l&rsquo;ensemble des décisions, dont la n°902 du 30 septembre 2014. Cette décision, prise par </span></span></span></span><span style="color: #000000;"><span style="font-family: Arial,sans-serif;"><span style="font-size: medium;"><span lang="fr-FR">Le Maire élu par votre majorité, s&rsquo;en prend à nouveau aux pauvres en pénalisant la mendicité.</span></span></span></span></p>
<p class="western" align="justify"><span style="font-family: Arial,sans-serif;">En empêchant les plus précaires de se montrer dans l&rsquo;espace public, en leur imposant des amendes, cette décision constitue un acte discriminatoire envers les plus démunis qu&rsquo;elle stigmatise. Elle n&rsquo;apporte en outre aucune solution aux problèmes de pauvreté des Aulnaysiens.</span></p>
<p class="western" align="justify"><span style="font-family: Arial,sans-serif;"><span style="font-size: medium;"><b>M. CANNAROZZO, avez-vous été élu avec le mandat de vous en prendre aux plus pauvres ?</b></span></span></p>
<p class="western" align="justify"><span style="color: #000000;"><span style="font-family: Arial,sans-serif;">En votre âme et conscience, pensez-vous que cette décision est adéquate, utile aux </span></span><span style="color: #000000;"><span style="font-family: Arial,sans-serif;">A</span></span><span style="color: #000000;"><span style="font-family: Arial,sans-serif;">ulnaysiens ? N&rsquo;est-elle pas un effet d&rsquo;annonce qui alimente une posture nationale controversée qui devrait nullement interférer avec les affaires locales ?</span></span></p>
<p class="western" align="justify"><span style="color: #000000;"><span style="font-family: Arial,sans-serif;">Le </span></span><span style="color: #000000;"><span style="font-family: Arial,sans-serif;">M</span></span><span style="color: #000000;"><span style="font-family: Arial,sans-serif;">aire d&rsquo;Aulnay peut-il se prévaloir de votre soutien tacite dans cette démarche ou saurez-vous oser manifester votre singularité d&rsquo;élu et faire prévaloir votre différence sur ce point tel qu&rsquo;il est possible à la fin du Conseil Municipal?</span></span></p>
<p class="western" align="justify"><span style="font-family: Arial,sans-serif;">Au lieu d’imposer des amendes à ceux qui n’ont rien, de lutter contre les pauvres plutôt que contre la pauvreté, votre majorité municipale pourrait par exemple : </span></p>
<ul>
<li value="1">
<p class="western" align="justify"><span style="font-family: Arial,sans-serif;">redonner des moyens d&rsquo;action au Centre Communal d&rsquo;Action Sociale (CCAS)</span></p>
</li>
<li>
<p class="western" align="justify"><span style="font-family: Arial,sans-serif;">développer des subventions aux associations de solidarité</span></p>
</li>
<li>
<p class="western" align="justify"><span style="font-family: Arial,sans-serif;">développer des hébergements d’urgence</span></p>
</li>
<li>
<p class="western" align="justify"><span style="font-family: Arial,sans-serif;"><span style="font-size: medium;">relancer un centre municipal de santé</span></span></p>
</li>
</ul>
<p class="western" align="justify"><span style="font-family: Arial,sans-serif;">Nous vous enjoignons de ne pas vous rendre complice d&rsquo;un texte que l&rsquo;extrême droite ne renierait pas. Tous les Aulnaysiens doivent compter de la même façon, <b>L</b><b>iberté </b><b>Égalité</b><b> et </b><b>F</b><b>raternité ne peuvent pas être oubliés de la sorte!</b></span></p>
<p class="western" align="justify"><span style="font-family: Arial,sans-serif;"><span style="font-size: medium;">Nous vous prions, Monsieur CANNAROZZO, de bien vouloir accepter l&rsquo;expression de nos meilleurs sentiments républicains.</span></span></p>
<p class="western" align="justify"><span style="font-family: Arial,sans-serif;"><span style="font-size: medium;">Le bureau de l&rsquo;association Vivre mieux ensemble à Aulnay-sous-Bois.</span></span></p>

<p>Monsieur Franck CANNAROZZO Conseiller municipal d&rsquo;Aulnay-sous-Bois avec les délégations: 2ème adjoint au maire Grands projets Gestion des risques L&#8217;emploi et les Entreprises Questure de l&rsquo;assemblée Aulnay-sous-Bois, le 14 octobre 2014. Monsieur Franck CANNAROZZO, refusez votre soutien tacite à la décision n°902/2014 ! A l&rsquo;occasion du conseil municipal du 15 octobre 2014, vous sera présenté l&rsquo;ensemble des &hellip; <a href="https://vivremieux-aulnay.fr/?page_id=56" class="more-link">Continuer la lecture de <span class="screen-reader-text">Monsieur Franck CANNAROZZO, refusez votre soutien tacite à l&rsquo;arrêté anti-mendicité</span> <span class="meta-nav">&rarr;</span></a></p>
