{"id":52,"date":"2014-10-15T13:41:44","date_gmt":"2014-10-15T12:41:44","guid":{"rendered":"http:\/\/vivremieux-aulnay.fr\/?page_id=52"},"modified":"2014-10-16T10:06:40","modified_gmt":"2014-10-16T09:06:40","slug":"arrete-anti-mendicite-les-42-lettre-publiques","status":"publish","type":"page","link":"https:\/\/vivremieux-aulnay.fr\/?page_id=52","title":{"rendered":"Arr\u00eat\u00e9 anti-mendicit\u00e9: Les 42 lettres publiques"},"content":{"rendered":"<p>Les 42 lettres au format PDF <a href=\"https:\/\/vivremieux-aulnay.fr\/wp-content\/uploads\/2014\/10\/LettrePubliqueTous.pdf\">\u00e0 t\u00e9l\u00e9charger en une fois<\/a>.<\/p>\n<p>Les 42 lettres individuelles:<br \/>\n\n<!-- Page-list plugin v.5.9 wordpress.org\/plugins\/page-list\/ -->\n<ul class=\"page-list subpages-page-list \">\n<li class=\"page_item page-item-78\"><a href=\"https:\/\/vivremieux-aulnay.fr\/?page_id=78\">Madame A\u00efsa SAGO, refusez votre soutien tacite \u00e0 l&rsquo;arr\u00eat\u00e9 anti-mendicit\u00e9!<\/a><\/li>\n<li class=\"page_item page-item-102\"><a href=\"https:\/\/vivremieux-aulnay.fr\/?page_id=102\">Madame Amel LABBAS, refusez votre soutien tacite \u00e0 l&rsquo;arr\u00eat\u00e9 anti-mendicit\u00e9!<\/a><\/li>\n<li class=\"page_item page-item-82\"><a href=\"https:\/\/vivremieux-aulnay.fr\/?page_id=82\">Madame Am\u00e9lie PINHEIRO, refusez votre soutien tacite \u00e0 l&rsquo;arr\u00eat\u00e9 anti-mendicit\u00e9!<\/a><\/li>\n<li class=\"page_item page-item-62\"><a href=\"https:\/\/vivremieux-aulnay.fr\/?page_id=62\">Madame Annie DELMONT-KOROPOULIS, refusez votre soutien tacite \u00e0 l&rsquo;arr\u00eat\u00e9 anti-mendicit\u00e9!<\/a><\/li>\n<li class=\"page_item page-item-118\"><a href=\"https:\/\/vivremieux-aulnay.fr\/?page_id=118\">Madame Brigitte RADE, refusez votre soutien tacite \u00e0 Madame Brigitte RADE, refusez votre soutien tacite \u00e0 Madame Brigitte RADE, refusez votre soutien tacite \u00e0<\/a><\/li>\n<li class=\"page_item page-item-122\"><a href=\"https:\/\/vivremieux-aulnay.fr\/?page_id=122\">Madame C\u00e9line MARQUETON, refusez votre soutien tacite \u00e0 l&rsquo;arr\u00eat\u00e9 anti-mendicit\u00e9!<\/a><\/li>\n<li class=\"page_item page-item-98\"><a href=\"https:\/\/vivremieux-aulnay.fr\/?page_id=98\">Madame Chantal MOREAU, refusez votre soutien tacite \u00e0 l&rsquo;arr\u00eat\u00e9 anti-mendicit\u00e9!<\/a><\/li>\n<li class=\"page_item page-item-66\"><a href=\"https:\/\/vivremieux-aulnay.fr\/?page_id=66\">Madame Claire FOUQUE, refusez votre soutien tacite \u00e0 l&rsquo;arr\u00eat\u00e9 anti-mendicit\u00e9!<\/a><\/li>\n<li class=\"page_item page-item-74\"><a href=\"https:\/\/vivremieux-aulnay.fr\/?page_id=74\">Madame Elisabeth RODRIGUES, refusez votre soutien tacite \u00e0 l&rsquo;arr\u00eat\u00e9 anti-mendicit\u00e9!<\/a><\/li>\n<li class=\"page_item page-item-58\"><a href=\"https:\/\/vivremieux-aulnay.fr\/?page_id=58\">Madame Evelyne LAGARDE, refusez votre soutien tacite \u00e0 l&rsquo;arr\u00eat\u00e9 anti-mendicit\u00e9!<\/a><\/li>\n<li class=\"page_item page-item-70\"><a href=\"https:\/\/vivremieux-aulnay.fr\/?page_id=70\">Madame Fatima BELMOUDEN, refusez votre soutien tacite \u00e0 l&rsquo;arr\u00eat\u00e9 anti-mendicit\u00e9!<\/a><\/li>\n<li class=\"page_item page-item-114\"><a href=\"https:\/\/vivremieux-aulnay.fr\/?page_id=114\">Madame Jeannine BARTHELEMY, refusez votre soutien tacite \u00e0 l&rsquo;arr\u00eat\u00e9 anti-mendicit\u00e9!<\/a><\/li>\n<li class=\"page_item page-item-134\"><a href=\"https:\/\/vivremieux-aulnay.fr\/?page_id=134\">Madame Jocelyne NICOT, refusez votre soutien tacite \u00e0 l&rsquo;arr\u00eat\u00e9 anti-mendicit\u00e9!<\/a><\/li>\n<li class=\"page_item page-item-110\"><a href=\"https:\/\/vivremieux-aulnay.fr\/?page_id=110\">Madame Karine GIMENEZ, refusez votre soutien tacite \u00e0 l&rsquo;arr\u00eat\u00e9 anti-mendicit\u00e9!<\/a><\/li>\n<li class=\"page_item page-item-126\"><a href=\"https:\/\/vivremieux-aulnay.fr\/?page_id=126\">Madame Karine LANCHAS-VICENTE, refusez votre soutien tacite \u00e0 l&rsquo;arr\u00eat\u00e9 anti-mendicit\u00e9!<\/a><\/li>\n<li class=\"page_item page-item-86\"><a href=\"https:\/\/vivremieux-aulnay.fr\/?page_id=86\">Madame Maryvonne MONTEMBAULT, refusez votre soutien tacite \u00e0 l&rsquo;arr\u00eat\u00e9 anti-mendicit\u00e9!<\/a><\/li>\n<li class=\"page_item page-item-130\"><a href=\"https:\/\/vivremieux-aulnay.fr\/?page_id=130\">Madame Najwa SADKI, refusez votre soutien tacite \u00e0 l&rsquo;arr\u00eat\u00e9 anti-mendicit\u00e9!<\/a><\/li>\n<li class=\"page_item page-item-94\"><a href=\"https:\/\/vivremieux-aulnay.fr\/?page_id=94\">Madame Patricia DRODE, refusez votre soutien tacite \u00e0 l&rsquo;arr\u00eat\u00e9 anti-mendicit\u00e9!<\/a><\/li>\n<li class=\"page_item page-item-106\"><a href=\"https:\/\/vivremieux-aulnay.fr\/?page_id=106\">Madame Sabrina MISSOUR, refusez votre soutien tacite \u00e0 l&rsquo;arr\u00eat\u00e9 anti-mendicit\u00e9!<\/a><\/li>\n<li class=\"page_item page-item-54\"><a href=\"https:\/\/vivremieux-aulnay.fr\/?page_id=54\">Madame S\u00e9verine MAROUN, refusez votre soutien tacite \u00e0 l&rsquo;arr\u00eat\u00e9 anti-mendicit\u00e9!<\/a><\/li>\n<li class=\"page_item page-item-90\"><a href=\"https:\/\/vivremieux-aulnay.fr\/?page_id=90\">Madame S\u00e9vil ISIK, refusez votre soutien tacite \u00e0 l&rsquo;arr\u00eat\u00e9 anti-mendicit\u00e9!<\/a><\/li>\n<li class=\"page_item page-item-96\"><a href=\"https:\/\/vivremieux-aulnay.fr\/?page_id=96\">Monsieur Abderrezzak BEZZAOUYA, refusez votre soutien tacite \u00e0 l&rsquo;arr\u00eat\u00e9 anti-mendicit\u00e9!<\/a><\/li>\n<li class=\"page_item page-item-100\"><a href=\"https:\/\/vivremieux-aulnay.fr\/?page_id=100\">Monsieur Alain PACHOUD, refusez votre soutien tacite \u00e0 l&rsquo;arr\u00eat\u00e9 anti-mendicit\u00e9!<\/a><\/li>\n<li class=\"page_item page-item-68\"><a href=\"https:\/\/vivremieux-aulnay.fr\/?page_id=68\">Monsieur Alain RAMADIER, refusez votre soutien tacite \u00e0 l&rsquo;arr\u00eat\u00e9 anti-mendicit\u00e9!<\/a><\/li>\n<li class=\"page_item page-item-76\"><a href=\"https:\/\/vivremieux-aulnay.fr\/?page_id=76\">Monsieur Benjamin GIAMI, refusez votre soutien tacite \u00e0 l&rsquo;arr\u00eat\u00e9 anti-mendicit\u00e9!<\/a><\/li>\n<li class=\"page_item page-item-116\"><a href=\"https:\/\/vivremieux-aulnay.fr\/?page_id=116\">Monsieur Daouda SANOGO, refusez votre soutien tacite \u00e0 l&rsquo;arr\u00eat\u00e9 anti-mendicit\u00e9!<\/a><\/li>\n<li class=\"page_item page-item-80\"><a href=\"https:\/\/vivremieux-aulnay.fr\/?page_id=80\">Monsieur Denis CAHENZLI, refusez votre soutien tacite \u00e0 l&rsquo;arr\u00eat\u00e9 anti-mendicit\u00e9!<\/a><\/li>\n<li class=\"page_item page-item-132\"><a href=\"https:\/\/vivremieux-aulnay.fr\/?page_id=132\">Monsieur Dominique MICHEL, refusez votre soutien tacite \u00e0 l&rsquo;arr\u00eat\u00e9 anti-mendicit\u00e9!<\/a><\/li>\n<li class=\"page_item page-item-104\"><a href=\"https:\/\/vivremieux-aulnay.fr\/?page_id=104\">Monsieur Emmanuel LORENZO, refusez votre soutien tacite \u00e0 l&rsquo;arr\u00eat\u00e9 anti-mendicit\u00e9!<\/a><\/li>\n<li class=\"page_item page-item-84\"><a href=\"https:\/\/vivremieux-aulnay.fr\/?page_id=84\">Monsieur Eric PALLUD, refusez votre soutien tacite \u00e0 l&rsquo;arr\u00eat\u00e9 anti-mendicit\u00e9!<\/a><\/li>\n<li class=\"page_item page-item-88\"><a href=\"https:\/\/vivremieux-aulnay.fr\/?page_id=88\">Monsieur Fouad EL KOURADI, refusez votre soutien tacite \u00e0 l&rsquo;arr\u00eat\u00e9 anti-mendicit\u00e9!<\/a><\/li>\n<li class=\"page_item page-item-56\"><a href=\"https:\/\/vivremieux-aulnay.fr\/?page_id=56\">Monsieur Franck CANNAROZZO, refusez votre soutien tacite \u00e0 l&rsquo;arr\u00eat\u00e9 anti-mendicit\u00e9<\/a><\/li>\n<li class=\"page_item page-item-124\"><a href=\"https:\/\/vivremieux-aulnay.fr\/?page_id=124\">Monsieur G\u00e9rard LECAREUX, refusez votre soutien tacite \u00e0 l&rsquo;arr\u00eat\u00e9 anti-mendicit\u00e9!<\/a><\/li>\n<li class=\"page_item page-item-64\"><a href=\"https:\/\/vivremieux-aulnay.fr\/?page_id=64\">Monsieur Jacques CHAUSSAT, refusez votre soutien tacite \u00e0 l&rsquo;arr\u00eat\u00e9 anti-mendicit\u00e9!<\/a><\/li>\n<li class=\"page_item page-item-128\"><a href=\"https:\/\/vivremieux-aulnay.fr\/?page_id=128\">Monsieur Jos\u00e9 CORREIA, refusez votre soutien tacite \u00e0 l&rsquo;arr\u00eat\u00e9 anti-mendicit\u00e9!<\/a><\/li>\n<li class=\"page_item page-item-120\"><a href=\"https:\/\/vivremieux-aulnay.fr\/?page_id=120\">Monsieur Mathieu TELLIER, refusez votre soutien tacite \u00e0 l&rsquo;arr\u00eat\u00e9 anti-mendicit\u00e9!<\/a><\/li>\n<li class=\"page_item page-item-60\"><a href=\"https:\/\/vivremieux-aulnay.fr\/?page_id=60\">Monsieur Mohamed AYYADI, refusez votre soutien tacite \u00e0 l&rsquo;arr\u00eat\u00e9 anti-mendicit\u00e9!<\/a><\/li>\n<li class=\"page_item page-item-108\"><a href=\"https:\/\/vivremieux-aulnay.fr\/?page_id=108\">Monsieur Olivier ATTIORI, refusez votre soutien tacite \u00e0 l&rsquo;arr\u00eat\u00e9 anti-mendicit\u00e9!<\/a><\/li>\n<li class=\"page_item page-item-112\"><a href=\"https:\/\/vivremieux-aulnay.fr\/?page_id=112\">Monsieur Paulo MARQUES, refusez votre soutien tacite \u00e0 l&rsquo;arr\u00eat\u00e9 anti-mendicit\u00e9!<\/a><\/li>\n<li class=\"page_item page-item-136\"><a href=\"https:\/\/vivremieux-aulnay.fr\/?page_id=136\">Monsieur R\u00e9mi MOZER, refusez votre soutien tacite \u00e0 l&rsquo;arr\u00eat\u00e9 anti-mendicit\u00e9!<\/a><\/li>\n<li class=\"page_item page-item-92\"><a href=\"https:\/\/vivremieux-aulnay.fr\/?page_id=92\">Monsieur S\u00e9bastien MORIN, refusez votre soutien tacite \u00e0 l&rsquo;arr\u00eat\u00e9 anti-mendicit\u00e9!<\/a><\/li>\n<li class=\"page_item page-item-72\"><a href=\"https:\/\/vivremieux-aulnay.fr\/?page_id=72\">Monsieur St\u00e9phane FLEURY, refusez votre soutien tacite \u00e0 l&rsquo;arr\u00eat\u00e9 anti-mendicit\u00e9!<\/a><\/li>\n\n<\/ul><\/p>\n","protected":false},"excerpt":{"rendered":"<p>Les 42 lettres au format PDF \u00e0 t\u00e9l\u00e9charger en une fois. Les 42 lettres individuelles:<\/p>\n","protected":false},"author":1,"featured_media":0,"parent":0,"menu_order":0,"comment_status":"open","ping_status":"open","template":"","meta":{"footnotes":""},"class_list":["post-52","page","type-page","status-publish","hentry"],"_links":{"self":[{"href":"https:\/\/vivremieux-aulnay.fr\/index.php?rest_route=\/wp\/v2\/pages\/52","targetHints":{"allow":["GET"]}}],"collection":[{"href":"https:\/\/vivremieux-aulnay.fr\/index.php?rest_route=\/wp\/v2\/pages"}],"about":[{"href":"https:\/\/vivremieux-aulnay.fr\/index.php?rest_route=\/wp\/v2\/types\/page"}],"author":[{"embeddable":true,"href":"https:\/\/vivremieux-aulnay.fr\/index.php?rest_route=\/wp\/v2\/users\/1"}],"replies":[{"embeddable":true,"href":"https:\/\/vivremieux-aulnay.fr\/index.php?rest_route=%2Fwp%2Fv2%2Fcomments&post=52"}],"version-history":[{"count":4,"href":"https:\/\/vivremieux-aulnay.fr\/index.php?rest_route=\/wp\/v2\/pages\/52\/revisions"}],"predecessor-version":[{"id":148,"href":"https:\/\/vivremieux-aulnay.fr\/index.php?rest_route=\/wp\/v2\/pages\/52\/revisions\/148"}],"wp:attachment":[{"href":"https:\/\/vivremieux-aulnay.fr\/index.php?rest_route=%2Fwp%2Fv2%2Fmedia&parent=52"}],"curies":[{"name":"wp","href":"https:\/\/api.w.org\/{rel}","templated":true}]}}